84. Let x = -2124 + 2165. Give o(x).
-3
Let n(p) = p**2 - 7*p + 4. Let h(s) = -s**3 - 3*s**2 + 2*s - 8. Let l be h(-4). Suppose 3*m + l*m = 12. Suppose 4*t = -12, -3*v + 12 + 15 = -m*t. What is n(v)?
-6
Let w(l) = l**2 - l - 2. Let j(f) = -5*f + 18. Let c be j(4). Let h be w(c). Let n(i) = 4 - h*i + 13*i**3 - 1 - 2 + 5*i. Calculate n(-1).
-13
Let b(u) be the third derivative of -7*u**4/24 + 7*u**3/6 + 2079*u**2. Give b(-7).
56
Let b(a) = -2*a**3 + 26*a**2 - 17*a - 7. Let v(x) = 7 - 5 - 14*x**2 + 1 + 9*x + 0 - 4*x**3 + 5*x**3. Let y(r) = -4*b(r) - 7*v(r). What is y(5)?
7
Let v(m) be the second derivative of -m**4/12 + m**3/6 + 35*m**2/2 + 8*m + 70. Determine v(6).
5
Let i(d) = 2*d**3 - 3*d**2 - d + 2. Let n be 6/16*136/(2 + 15). What is i(n)?
26
Suppose -10*t + 8*t = 5*b - 49, 0 = 4*t - 3*b + 19. Let m(i) = -i**3 + i**2 + 2*i + 2. What is m(t)?
2
Let k(u) = -u**2 - u. Let v(c) = -c**3 - 5*c**2 - 5*c - 3. Let f(b) = -6*k(b) + v(b). Let a(y) = 35*y**2 + 1144*y - 363. Let g be a(-33). Determine f(g).
-3
Let b be (-1 - ((-24)/16)/((-1)/(-2)))*-2. Let n(x) = 37*x + 40. Give n(b).
-108
Let g(v) = -3 - 1 + 5 - v - 2*v + 29. Suppose 7*c + 1 - 64 = 0. Calculate g(c).
3
Let b(c) = -c + 8. Suppose 0 = z - 71 + 77. Let m be z/(-4)*(-13 + 15). Suppose -5*p + 2*l + m - 11 = 0, -p = 2*l - 8. What is b(p)?
8
Suppose 4*p = -v + 176, p - 55 = 3*v + 2. Let x be -3*((-12)/p + 6/(-15)). Let o(i) = -2*i - 34 + 0*i - 2*i**2 + 36 + 2*i**3. Determine o(x).
6
Let b(o) = -79*o**2 + 79*o + 16. Let l(z) = -105*z**2 + 103*z + 21. Let k(g) = 13*b(g) - 10*l(g). Determine k(-1).
24
Let a(y) be the first derivative of y**3/3 - 5*y**2/2 - 5*y - 2. Suppose 0 = 2*w + 38 + 46. Let l = -36 - w. Give a(l).
1
Suppose o = 4*p + 27, 10*p - 15*p = 5*o + 65. Let s be (17/34)/((-2)/(-16)). Let i(d) = -s - 8*d + 4 - d**2 - 1. Determine i(p).
-1
Let h(s) = -8*s + 1 + 1 + 0. Suppose 0 = 5*w - d - 7, -5*d - 13 + 34 = -11*w. Calculate h(w).
-30
Suppose -52*p - 56 = -59*p. Suppose p*o - 112 = -0*o. Suppose 0 = o*h - 9*h. Let f(w) = -w**2 + w - 1. What is f(h)?
-1
Let g be 11*(-4)/(-6) - 973/2919. Suppose 2*b - b + 1 = 0, 0 = -o + 4*b + 6. Let s(c) = 0*c + c**o - 1 - 5*c - c. What is s(g)?
6
Let y(q) = 73354*q**3 + 9 - 7*q**2 - 73355*q**3 + 4. What is y(-6)?
-23
Let a(x) = -x**2 - 2*x + 38. Let p(v) = -v**2 + 13*v + 258. Let w be p(-11). Calculate a(w).
14
Let i(t) be the third derivative of -t**7/5040 - t**6/720 + 31*t**5/60 + 2*t**3/3 - 85*t**2. Let u(m) be the third derivative of i(m). Determine u(10).
-11
Let m = -22 - -15. Suppose 2*i - 5*i = -2*g + 8, 0 = 2*g + 3*i - 20. Let l(d) = d**2 - g - 5 + 0*d**2 + 5*d + 5. What is l(m)?
7
Let f(c) = c**2 + 4*c + 3. Let a = 188 + -184. Suppose 3*n = -5*w + 2, a*w + 3*n - 5*n + 16 = 0. Give f(w).
-1
Suppose -4*v - 2*l = v - 13, 3*l = -v. Let q be 1*v*(114/(-18) - -6). Let a(t) = 9*t. Determine a(q).
-9
Let o(y) = -58*y**2 + 6*y + 5. Let b = -18698 - -18697. Determine o(b).
-59
Let o(m) = -7*m**2 + 2*m - 32. Let j(d) = 19*d**2 - 6*d + 93. Let y(s) = -4*j(s) - 11*o(s). Give y(-6).
4
Let h(o) = 9*o + 1. Let u(f) = -f + 3. Let y(k) = 3*h(k) + 24*u(k). Give y(-23).
6
Suppose 5*f + 0*f = -3*c + 1083, 3*f = c + 661. Let d = 214 - f. Let z(g) = -g**2 - 4*g. What is z(d)?
-5
Let m(x) = x + 19. Let q be -6 + (3 - 2) - (-1 - -7). Let t be (-2)/8*0/q. What is m(t)?
19
Let a(s) = -8*s**2 + 22*s - 11. Let o(u) = -15*u**2 + 39*u - 20. Let x(c) = -11*a(c) + 6*o(c). Determine x(-4).
1
Let n(p) = -p**2 + 15*p - 14. Let c be n(1). Suppose -3*l = m + 21, -2*l + c*m - 14 = -5*m. Let w(a) = a**3 + 7*a**2 + 10. Give w(l).
10
Let m be (-4)/(7 + -19 + 6)*-9. Suppose 0*i = -4*i. Let a(q) = 2 + i*q + q + 0 + 2*q. Calculate a(m).
-16
Let n = -3654 + 3659. Let h(q) = 14*q + 6. What is h(n)?
76
Let o(a) be the second derivative of -a**5/20 - a**4/3 - a**3/3 + a**2 - 15*a - 49. Let f = -3 - 0. Give o(f).
-1
Let y(a) = 5*a**2. Let t(h) = -h**2 - 10*h - 26. Let o be t(-7). Let r be 24/3 + -4 + o. Give y(r).
5
Let h(f) be the third derivative of 1/8*f**4 + 1/12*f**5 + 1/120*f**6 + 0 + 0*f - 9*f**2 - 1/3*f**3. Suppose 2*p + 49 - 39 = 0. Determine h(p).
-17
Let h(p) = p**3 - p**2 - 6*p + 5. Suppose -u = -j + 3, -5 = u + 2*j - j. Let b be h(u). Let c = b - -46. Let g(t) = t**3 + 5*t**2 - 3*t + 2. Calculate g(c).
17
Suppose 34*z = 4572 - 3960. Let l(a) = 7*a - 76. Determine l(z).
50
Let i(u) = u - 10. Let w(y) = -3*y**2 + 172*y - 224. Let a be w(56). Give i(a).
-10
Let z(j) be the third derivative of -j**5/60 + j**4/4 + 31*j**3/6 - 7797*j**2 + 1. Determine z(7).
24
Suppose -31 = 56*u - 25*u. Let q(b) = -8*b + 2 - 3 + 6*b - 10*b**3. Give q(u).
11
Suppose -10*m - 15 = -5*m. Let z(d) be the third derivative of 5*d**4/24 + d**3/6 + 24*d**2 - 3*d. Give z(m).
-14
Suppose 132*i - 233 = 43*i - 55. Let q(o) be the first derivative of 2*o**2 - 1/4*o**4 - o**3 - i + 3*o. Calculate q(-4).
3
Let t(n) = 2*n**3 + 132726*n - 10 + 9*n**2 - n**3 - 132729*n. Give t(-10).
-80
Suppose -8*y - 21 = 331. Let s be 388/44 + (-8)/y. Let b(k) = -7*k**2 + 0 - 2 + s*k**2 + 1. What is b(2)?
7
Let b = -27 + -4. Let o(c) = c**3 + 8*c**2 + 6*c - 3. Let i be o(-6). Let g = i + b. Let h(u) = 3*u**3 - 4*u**2 + 3*u - 1. Give h(g).
13
Suppose 28*u = 63 + 217. Let h(l) = -29*l - 4*l**2 + 3 + 10*l + 6*l + u*l. Calculate h(-3).
-24
Let k(n) = -43*n**2 - 1 - n - 159*n**3 + 180*n**3 + 44*n**2. Give k(1).
20
Let i(s) = -s + 14. Let c(j) = j - 21. Let o(b) = 5*c(b) + 7*i(b). Let q(m) = -2*m**3 - 45*m**2 - 23*m - 27. Let l be q(-22). Give o(l).
3
Let i(y) = -24*y + 18. Suppose -12*g - 10*g + 12393 = 12503. Give i(g).
138
Let f(s) = -8*s - 3. Suppose 3*r + 4*h + 3 + 46 = 0, 2*r + 5*h + 42 = 0. Let o(c) = c**2 + 11*c - 15. Let v be o(r). Let k = -17 - v. What is f(k)?
13
Let j(a) be the third derivative of a**4/24 - 13*a**3/2 + 1408*a**2. Give j(21).
-18
Let z(k) be the first derivative of -k**3/3 + 4*k**2 - 10*k - 519. Let i = -25 + 29. Give z(i).
6
Let f(x) = -2*x + 3. Let c(b) = 2*b - 1. Suppose 20 = 3*w + 32. Let l(n) = w*f(n) - 5*c(n). Let k be (10/(-6))/(1/(-3)). Calculate l(k).
-17
Let x = 8931 - 8923. Let y(z) = 2*z**2 - 16*z - 6. What is y(x)?
-6
Suppose 0 = 3*i - 4*s + 8, -s - 52 + 49 = -2*i. Suppose 18 = p + 4*z, 5*p + 2*z + 3 - 21 = 0. Let q(a) = -p*a**2 + 5*a - 2 - 1 - 1 - 1. Calculate q(i).
-17
Let z(j) = -2*j - 1. Let u be (4*-1 - (-4 - -1))*-3. Suppose -2*m = -u*k + 22, -6*k = -3*k - 4*m - 32. Calculate z(k).
-9
Let w = -7839 + 7847. Let z(d) = -d + 1. What is z(w)?
-7
Let k = 19 + -22. Let f(w) = 3*w**3 + w**2 - 4*w + 6. Let j be f(k). Let v = 50 + j. Let q(l) = -l**2 - 5*l - 2. Give q(v).
2
Let w(p) = 7*p**2 + 54*p**3 + p + 56*p**3 - 106*p**3 + 5. Let f(c) = 9*c**3 + 16*c**2 + 10. Let i(g) = 2*f(g) - 5*w(g). Give i(-2).
9
Let x be (256/160)/(6/(-10) - -1). Let i be x/6*(-75)/(-10). Let g(z) = -6*z + 7*z - i*z - 5*z**2 + z**3. Calculate g(6).
12
Let o(v) = v**2 + v**2 - 3 + v**2 - v**3. Let a(n) = n**3 + 34*n**2 - 35*n - 4. Let y be a(-35). Let b be (1 - (0 + y)) + -4 + 3. Determine o(b).
-19
Let i(w) = -2*w**2 + 47*w + 74. Let s(p) = -4*p**2 + 94*p + 153. Let b(h) = 13*i(h) - 6*s(h). Give b(24).
20
Suppose 3*m - 3*g = 0, -3*m + 2*g + 8 = g. Suppose m*i = -10 + 6. Let a(b) = 6*b + 1. Calculate a(i).
-5
Let r(h) = -140*h - 52. Let d(u) = -51*u - 17. Let n(z) = -11*d(z) + 4*r(z). Determine n(-16).
-37
Let i = 7 - 2. Let t(c) = 3*c**2 + 19*c + 7. Let a be t(-6). Let u(v) = -6*v**2 - 9*v + 2. Let m(r) = r**2 + r - 1. Let s(x) = a*u(x) + i*m(x). Determine s(-3).
0
Suppose t - 4*v + 120 = 5*t, -5*t = -2*v - 115. Let d be 1 + 690/t + (-4)/(-10). Let n(j) = j - d - 13*j**2 + 30 + 16*j**2. Determine n(-1).
3
Let c(n) = 9*n**3 + 13*n**2 + 49*n + 9. Let f(q) = 22*q**3 + 25*q**2 + 99*q + 19. Let x(z) = -5*c(z) + 2*f(z). What is x(-5)?
-22
Let l(u) = 34*u - 19 - 135*u + 89*u. Calculate l(8).
-115
Suppose v - 3 = -9. Let x(h) = 8*h - 10. Let w(r) = -10*r + 12. Let u(n) = v*x(n) - 5*w(n). Suppose 6*p - 4*p = -5*c + 29, -p + 2*c + 1 = 0. Determine u(p).
14
Let o = -5 - -5. Suppose -4*a + 2*a - 8 = o. Let d(i) be the third derivative of i**5/60 + i**4/8 - i**3/6 + 3797*i**2. Give d(a).
3
Let d be 3/((-4)/6 + 3/(-36)). Let c be (-6)/8*-4*(d - -5). Let r(i) = i**3 - 2*i**2 + i - 2. What is r(c)?
10
Let u(h) be the third derivative of